{"id":22263,"date":"2017-05-24T06:41:40","date_gmt":"2017-05-24T06:41:40","guid":{"rendered":"https:\/\/pofo.themezaa.com\/?page_id=1495"},"modified":"2025-08-07T09:20:42","modified_gmt":"2025-08-07T06:20:42","slug":"about-baskanin-mesaji","status":"publish","type":"page","link":"https:\/\/techxtile.net\/en\/about-baskanin-mesaji\/","title":{"rendered":"MESSAGE FROM THE PRESIDENT"},"content":{"rendered":"<div class=\"wpb-content-wrapper\"><section data-vc-full-width=\"true\" data-vc-full-width-init=\"false\" data-vc-stretch-content=\"true\" class=\"vc_row wpb_row vc_row-fluid  vc_custom_1507268300659 pofo-stretch-content vc_row-no-padding\"><div class=\"wpb_column vc_column_container vc_col-sm-12  col-xs-mobile-fullwidth\"><div class=\"vc_column-inner vc_custom_1508238413489\"><div class=\"wpb_wrapper\"><div id=\"pofo-image-slider-1\" class=\"swiper-container width-100 swiper-container-horizontal pofo-image-style2 pofo-image-slider-1  white-move pofo-slider2 pofo-slider2-1\" data-slider-options=\"{&quot;keyboard&quot;:true,&quot;slidesPerView&quot;:1,&quot;autoplay&quot;:false}\"><div class=\"swiper-wrapper\"><div class=\"swiper-slide cover-background bg-image-srcset\" style=\"background-image:url(https:\/\/techxtile.net\/wp-content\/uploads\/2025\/07\/kv-background-scaled.webp)\" data-bg-srcset=\"https:\/\/techxtile.net\/wp-content\/uploads\/2025\/07\/kv-background-scaled.webp 2560w, https:\/\/techxtile.net\/wp-content\/uploads\/2025\/07\/kv-background-300x180.webp 300w, https:\/\/techxtile.net\/wp-content\/uploads\/2025\/07\/kv-background-1024x614.webp 1024w, https:\/\/techxtile.net\/wp-content\/uploads\/2025\/07\/kv-background-768x461.webp 768w, https:\/\/techxtile.net\/wp-content\/uploads\/2025\/07\/kv-background-1536x921.webp 1536w, https:\/\/techxtile.net\/wp-content\/uploads\/2025\/07\/kv-background-2048x1229.webp 2048w, https:\/\/techxtile.net\/wp-content\/uploads\/2025\/07\/kv-background-18x12.webp 18w, https:\/\/techxtile.net\/wp-content\/uploads\/2025\/07\/kv-background-1200x720.webp 1200w, https:\/\/techxtile.net\/wp-content\/uploads\/2025\/07\/kv-background-120x72.webp 120w, https:\/\/techxtile.net\/wp-content\/uploads\/2025\/07\/kv-background-81x49.webp 81w\"><div class=\"bg-extra-dark-gray bg-overlay\" style=\"opacity:0.5; \"><\/div><div class=\"container position-relative xs-height-400px one-fourth-screen\"><div class=\"slider-typography text-center\"><div class=\"slider-text-middle-main\"><div class=\"slider-text-middle\"><div class=\"text-large text-very-light-gray font-weight-300 width-95 center-col margin-25px-bottom xs-margin-15px-bottom display-block last-paragraph-no-margin\"><p>Uluda\u011f Textile Exporters Association<\/p>\n<\/div><h1 class=\"alt-font text-white font-weight-700 center-col margin-35px-bottom xs-margin-15px-bottom word-wrap width-75 xs-width-95\" style=\"color: #ffffff;\">MESSAGE FROM THE PRESIDENT<\/h1><\/div><\/div><\/div><\/div><\/div><\/div><\/div><\/div><\/div><\/div><\/section><div class=\"vc_row-full-width vc_clearfix\"><\/div><section class=\"vc_row wpb_row vc_row-fluid\"><div class=\"wpb_column vc_column_container vc_col-sm-6  col-xs-mobile-fullwidth\"><div class=\"vc_column-inner\"><div class=\"wpb_wrapper\">\n\t<div  class=\"wpb_single_image wpb_content_element vc_align_left wpb_content_element\">\n\t\t\n\t\t<figure class=\"wpb_wrapper vc_figure\">\n\t\t\t<div class=\"vc_single_image-wrapper   vc_box_border_grey\"><img loading=\"lazy\" decoding=\"async\" width=\"600\" height=\"741\" src=\"https:\/\/techxtile.net\/wp-content\/uploads\/2025\/01\/baskan.png\" class=\"vc_single_image-img attachment-full\" alt=\"\" title=\"baskan\" srcset=\"https:\/\/techxtile.net\/wp-content\/uploads\/2025\/01\/baskan.png 600w, https:\/\/techxtile.net\/wp-content\/uploads\/2025\/01\/baskan-243x300.png 243w, https:\/\/techxtile.net\/wp-content\/uploads\/2025\/01\/baskan-120x148.png 120w, https:\/\/techxtile.net\/wp-content\/uploads\/2025\/01\/baskan-81x100.png 81w\" sizes=\"auto, (max-width: 600px) 100vw, 600px\" \/><\/div>\n\t\t<\/figure>\n\t<\/div>\n<\/div><\/div><\/div><div class=\"wpb_column vc_column_container vc_col-sm-6  col-xs-mobile-fullwidth\"><div class=\"vc_column-inner\"><div class=\"wpb_wrapper\"><div class=\"vc_icon_element vc_icon_element-outer vc_do_icon vc_icon_element-align-left\"><div class=\"vc_icon_element-inner vc_icon_element-color-custom vc_icon_element-size-xl vc_icon_element-style- vc_icon_element-background-color-grey\" ><span class=\"vc_icon_element-icon fas fa-quote-left\" style=\"color:#FFB931 !important\"><\/span><\/div><\/div><div class=\"last-paragraph-no-margin\"><p>K\u00fcresel rekabetin h\u0131zla artt\u0131\u011f\u0131, tekstil sekt\u00f6r\u00fcnde firmalar\u0131n \u00fcretmekte ve ihracat yapmakta zorland\u0131\u011f\u0131 bir d\u00f6nemdeyiz. Sekt\u00f6rde \u00fcretim maliyetlerinin giderek artmas\u0131, finansmana eri\u015fimin imkans\u0131zl\u0131\u011f\u0131 ve kur politikalar\u0131 nedeniyle \u00f6nemli \u00f6l\u00e7\u00fcde s\u0131k\u0131nt\u0131 ya\u015f\u0131yor. Buna ba\u011fl\u0131 olarak sekt\u00f6rdeki bir\u00e7ok firma piyasadan \u00e7ekilmek zorunda kal\u0131yor.<\/p>\n<p>Tekstil sekt\u00f6r\u00fc \u00fclke ekonomisi i\u00e7in stratejik bir \u00f6neme sahip. \u0130stihdama ve ihracata katk\u0131s\u0131 ise yads\u0131namaz. Bu nedenle sekt\u00f6r\u00fcn ayakta kalabilmesi i\u00e7in mutlaka desteklenmesi gerekmektedir.<\/p>\n<p>\u00d6te yandan teknolojik geli\u015fmelerin \u00fcretim s\u00fcre\u00e7lerini d\u00f6n\u00fc\u015ft\u00fcrd\u00fc\u011f\u00fc bu d\u00f6nemde tekstil sekt\u00f6r\u00fc art\u0131k yaln\u0131zca \u00fcretmekle de\u011fil; fark yaratmakla, s\u00fcrd\u00fcr\u00fclebilir \u00e7\u00f6z\u00fcmlerle gelece\u011fe y\u00f6n vermekle sorumlu. Uluda\u011f Tekstil \u0130hracat\u00e7\u0131lar\u0131 Birli\u011fi olarak biz de bu d\u00f6n\u00fc\u015f\u00fcme \u00f6nc\u00fcl\u00fck etmek i\u00e7in uzun y\u0131llard\u0131r \u00e7aba g\u00f6steriyoruz. Bu vizyonla 2009 y\u0131l\u0131nda ilkini hayata ge\u00e7irdi\u011fimiz Tekstil Ar-Ge Proje Pazar\u0131\u2019n\u0131 \u00e7a\u011f\u0131n gereklili\u011fine g\u00f6re geli\u015ftirerek son yedi y\u0131ld\u0131r TechXtile Challenge Tasar\u0131m Yar\u0131\u015fmas\u0131 olarak d\u00fczenliyoruz. \u00c7ok heyecanl\u0131y\u0131z ve ayn\u0131 zamanda bug\u00fcn\u00fc y\u0131llar \u00f6ncesinden g\u00f6rerek \u00f6nemli bir ad\u0131m atman\u0131n ve her y\u0131l ba\u015far\u0131m\u0131z\u0131n \u00fczerine koyarak bug\u00fcnlere gelmenin gururunu ya\u015f\u0131yoruz.<\/p>\n<p>Her ge\u00e7en y\u0131l daha fazla ilgi g\u00f6ren TechXtile Challenge, \u00f6zg\u00fcn fikirleri destekleyen, tasar\u0131m\u0131 teknolojiyle bulu\u015fturan ve ihracat vizyonunu inovasyonla g\u00fc\u00e7lendiren kapsaml\u0131 bir modele d\u00f6n\u00fc\u015ft\u00fc. Sadece bir yar\u0131\u015fma olman\u0131n \u00f6tesine ge\u00e7en bu yap\u0131; kat\u0131l\u0131mc\u0131lara e\u011fitim, mentorluk, yat\u0131r\u0131mc\u0131 bulu\u015fmalar\u0131 ve sanayiyle do\u011frudan temas gibi bir\u00e7ok f\u0131rsat sunarak projelerin olgunla\u015fmas\u0131na imk\u00e2n sa\u011fl\u0131yor. B\u00f6ylece sekt\u00f6re uygulanabilir \u00e7\u00f6z\u00fcmler \u00fcretirken, kat\u0131l\u0131mc\u0131lar\u0131n da kendi potansiyellerini ke\u015ffetmelerine zemin haz\u0131rl\u0131yor.<\/p>\n<p>TechXtile Challenge, s\u00fcrd\u00fcr\u00fclebilirlik, dijitalle\u015fme ve giri\u015fimcilik kavramlar\u0131n\u0131 \u00fcretimin merkezine yerle\u015ftiren bir anlay\u0131\u015fla ilerliyor. \u00dcniversitelerden start-up\u2019lara, sekt\u00f6r profesyonellerinden tasar\u0131mc\u0131lara uzanan geni\u015f bir payda\u015f a\u011f\u0131yla, sadece bug\u00fcn\u00fc de\u011fil, gelece\u011fi in\u015fa etmeyi ama\u00e7l\u0131yor. Her y\u0131l artan ba\u015far\u0131 grafi\u011fimiz, at\u0131lan ad\u0131mlar\u0131n ne kadar yerinde oldu\u011funu g\u00f6steriyor.<\/p>\n<p>Bu y\u0131l da yar\u0131\u015fmam\u0131z kapsam\u0131nda, tekstil sanayisinin ger\u00e7ek ihtiya\u00e7lar\u0131na dokunan, teknolojiyle katma de\u011fer \u00fcreten, ihracata y\u00f6n verecek projeleri hep birlikte ke\u015ffetmeyi hedefliyoruz. Yedinci y\u0131l\u0131nda daha da g\u00fc\u00e7lenerek b\u00fcy\u00fcyen TechXtile Challenge\u2019a katk\u0131 sunan t\u00fcm payda\u015flar\u0131m\u0131za g\u00f6n\u00fclden te\u015fekk\u00fcr ediyor, ba\u015fvuran t\u00fcm adaylara vizyonlar\u0131n\u0131 cesurca ortaya koyacaklar\u0131 verimli bir s\u00fcre\u00e7 diliyorum.<\/p>\n<\/div><div class=\"vc_empty_space\"   style=\"height: 32px\"><span class=\"vc_empty_space_inner\"><\/span><\/div>\n\t<div class=\"wpb_raw_code wpb_raw_html wpb_content_element\" >\n\t\t<div class=\"wpb_wrapper\">\n\t\t\t<p>\n<span class=\"text-extra-dark-gray text-large d-block margin-30px-top alt-font font-weight-600\">\n                    P\u0131nar TA\u015eDELEN ENG\u0130N<\/span><br><span class=\"d-block\">Chairwoman of the Board<\/span>\n<\/p>\n\t\t<\/div>\n\t<\/div>\n<div class=\"vc_empty_space\"   style=\"height: 32px\"><span class=\"vc_empty_space_inner\"><\/span><\/div><\/div><\/div><\/div><\/section>\n<\/div>","protected":false},"excerpt":{"rendered":"ULUDA\u011e TEKST\u0130L \u0130HRACAT\u00c7ILARI B\u0130RL\u0130\u011e\u0130 BA\u015eKANIN MESAJI K\u00fcresel rekabetin h\u0131zla artt\u0131\u011f\u0131, tekstil sekt\u00f6r\u00fcnde firmalar\u0131n \u00fcretmekte ve ihracat yapmakta zorland\u0131\u011f\u0131 bir d\u00f6nemdeyiz. Sekt\u00f6rde \u00fcretim maliyetlerinin giderek artmas\u0131, finansmana eri\u015fimin imkans\u0131zl\u0131\u011f\u0131 ve kur politikalar\u0131 nedeniyle \u00f6nemli \u00f6l\u00e7\u00fcde s\u0131k\u0131nt\u0131 ya\u015f\u0131yor. Buna ba\u011fl\u0131 olarak sekt\u00f6rdeki bir\u00e7ok firma piyasadan \u00e7ekilmek zorunda kal\u0131yor. Tekstil sekt\u00f6r\u00fc \u00fclke ekonomisi i\u00e7in stratejik bir \u00f6neme sahip. \u0130stihdama ve ihracata katk\u0131s\u0131 ise yads\u0131namaz. Bu nedenle sekt\u00f6r\u00fcn ayakta kalabilmesi i\u00e7in mutlaka desteklenmesi gerekmektedir. \u00d6te yandan teknolojik geli\u015fmelerin \u00fcretim s\u00fcre\u00e7lerini d\u00f6n\u00fc\u015ft\u00fcrd\u00fc\u011f\u00fc bu d\u00f6nemde tekstil sekt\u00f6r\u00fc art\u0131k yaln\u0131zca \u00fcretmekle de\u011fil; fark yaratmakla, s\u00fcrd\u00fcr\u00fclebilir \u00e7\u00f6z\u00fcmlerle gelece\u011fe y\u00f6n vermekle sorumlu. Uluda\u011f Tekstil \u0130hracat\u00e7\u0131lar\u0131 Birli\u011fi olarak biz de bu d\u00f6n\u00fc\u015f\u00fcme \u00f6nc\u00fcl\u00fck etmek i\u00e7in uzun y\u0131llard\u0131r \u00e7aba g\u00f6steriyoruz. Bu vizyonla 2009 y\u0131l\u0131nda ilkini hayata ge\u00e7irdi\u011fimiz Tekstil Ar-Ge Proje Pazar\u0131\u2019n\u0131 \u00e7a\u011f\u0131n gereklili\u011fine g\u00f6re geli\u015ftirerek son yedi y\u0131ld\u0131r TechXtile Challenge Tasar\u0131m Yar\u0131\u015fmas\u0131 olarak d\u00fczenliyoruz. \u00c7ok heyecanl\u0131y\u0131z ve ayn\u0131 zamanda bug\u00fcn\u00fc y\u0131llar \u00f6ncesinden g\u00f6rerek \u00f6nemli bir ad\u0131m atman\u0131n ve her y\u0131l ba\u015far\u0131m\u0131z\u0131n \u00fczerine koyarak bug\u00fcnlere gelmenin gururunu ya\u015f\u0131yoruz. Her ge\u00e7en y\u0131l daha fazla ilgi g\u00f6ren TechXtile Challenge, \u00f6zg\u00fcn fikirleri destekleyen, tasar\u0131m\u0131 teknolojiyle bulu\u015fturan ve ihracat vizyonunu inovasyonla g\u00fc\u00e7lendiren kapsaml\u0131 bir modele d\u00f6n\u00fc\u015ft\u00fc. Sadece bir yar\u0131\u015fma olman\u0131n \u00f6tesine ge\u00e7en bu yap\u0131; kat\u0131l\u0131mc\u0131lara e\u011fitim, mentorluk, yat\u0131r\u0131mc\u0131 bulu\u015fmalar\u0131 ve sanayiyle do\u011frudan temas gibi bir\u00e7ok f\u0131rsat...","protected":false},"author":1,"featured_media":0,"parent":0,"menu_order":0,"comment_status":"closed","ping_status":"closed","template":"","meta":{"footnotes":""},"class_list":["post-22263","page","type-page","status-publish","hentry"],"_links":{"self":[{"href":"https:\/\/techxtile.net\/en\/wp-json\/wp\/v2\/pages\/22263","targetHints":{"allow":["GET"]}}],"collection":[{"href":"https:\/\/techxtile.net\/en\/wp-json\/wp\/v2\/pages"}],"about":[{"href":"https:\/\/techxtile.net\/en\/wp-json\/wp\/v2\/types\/page"}],"author":[{"embeddable":true,"href":"https:\/\/techxtile.net\/en\/wp-json\/wp\/v2\/users\/1"}],"replies":[{"embeddable":true,"href":"https:\/\/techxtile.net\/en\/wp-json\/wp\/v2\/comments?post=22263"}],"version-history":[{"count":14,"href":"https:\/\/techxtile.net\/en\/wp-json\/wp\/v2\/pages\/22263\/revisions"}],"predecessor-version":[{"id":22822,"href":"https:\/\/techxtile.net\/en\/wp-json\/wp\/v2\/pages\/22263\/revisions\/22822"}],"wp:attachment":[{"href":"https:\/\/techxtile.net\/en\/wp-json\/wp\/v2\/media?parent=22263"}],"curies":[{"name":"wp","href":"https:\/\/api.w.org\/{rel}","templated":true}]}}

<div class="wpb-content-wrapper"><section data-vc-full-width="true" data-vc-full-width-init="false" data-vc-stretch-content="true" class="vc_row wpb_row vc_row-fluid  vc_custom_1507268300659 pofo-stretch-content vc_row-no-padding"><div class="wpb_column vc_column_container vc_col-sm-12  col-xs-mobile-fullwidth"><div class="vc_column-inner vc_custom_1508238413489"><div class="wpb_wrapper"><div id="pofo-image-slider-1" class="swiper-container width-100 swiper-container-horizontal pofo-image-style2 pofo-image-slider-1  white-move pofo-slider2 pofo-slider2-1" data-slider-options="{&quot;keyboard&quot;:true,&quot;slidesPerView&quot;:1,&quot;autoplay&quot;:false}"><div class="swiper-wrapper"><div class="swiper-slide cover-background bg-image-srcset" style="background-image:url(https://techxtile.net/wp-content/uploads/2025/07/kv-background-scaled.webp)" data-bg-srcset="https://techxtile.net/wp-content/uploads/2025/07/kv-background-scaled.webp 2560w, https://techxtile.net/wp-content/uploads/2025/07/kv-background-300x180.webp 300w, https://techxtile.net/wp-content/uploads/2025/07/kv-background-1024x614.webp 1024w, https://techxtile.net/wp-content/uploads/2025/07/kv-background-768x461.webp 768w, https://techxtile.net/wp-content/uploads/2025/07/kv-background-1536x921.webp 1536w, https://techxtile.net/wp-content/uploads/2025/07/kv-background-2048x1229.webp 2048w, https://techxtile.net/wp-content/uploads/2025/07/kv-background-18x12.webp 18w, https://techxtile.net/wp-content/uploads/2025/07/kv-background-1200x720.webp 1200w, https://techxtile.net/wp-content/uploads/2025/07/kv-background-120x72.webp 120w, https://techxtile.net/wp-content/uploads/2025/07/kv-background-81x49.webp 81w"><div class="bg-extra-dark-gray bg-overlay" style="opacity:0.5; "></div><div class="container position-relative xs-height-400px one-fourth-screen"><div class="slider-typography text-center"><div class="slider-text-middle-main"><div class="slider-text-middle"><div class="text-large text-very-light-gray font-weight-300 width-95 center-col margin-25px-bottom xs-margin-15px-bottom display-block last-paragraph-no-margin"><p>Uludağ Textile Exporters Association</p>
</div><h1 class="alt-font text-white font-weight-700 center-col margin-35px-bottom xs-margin-15px-bottom word-wrap width-75 xs-width-95" style="color: #ffffff;">MESSAGE FROM THE PRESIDENT</h1></div></div></div></div></div></div></div></div></div></div></section><div class="vc_row-full-width vc_clearfix"></div><section class="vc_row wpb_row vc_row-fluid"><div class="wpb_column vc_column_container vc_col-sm-6  col-xs-mobile-fullwidth"><div class="vc_column-inner"><div class="wpb_wrapper">
	<div  class="wpb_single_image wpb_content_element vc_align_left wpb_content_element">
		
		<figure class="wpb_wrapper vc_figure">
			<div class="vc_single_image-wrapper   vc_box_border_grey"><img loading="lazy" decoding="async" width="600" height="741" src="https://techxtile.net/wp-content/uploads/2025/01/baskan.png" class="vc_single_image-img attachment-full" alt="" title="baskan" srcset="https://techxtile.net/wp-content/uploads/2025/01/baskan.png 600w, https://techxtile.net/wp-content/uploads/2025/01/baskan-243x300.png 243w, https://techxtile.net/wp-content/uploads/2025/01/baskan-120x148.png 120w, https://techxtile.net/wp-content/uploads/2025/01/baskan-81x100.png 81w" sizes="auto, (max-width: 600px) 100vw, 600px" /></div>
		</figure>
	</div>
</div></div></div><div class="wpb_column vc_column_container vc_col-sm-6  col-xs-mobile-fullwidth"><div class="vc_column-inner"><div class="wpb_wrapper"><div class="vc_icon_element vc_icon_element-outer vc_do_icon vc_icon_element-align-left"><div class="vc_icon_element-inner vc_icon_element-color-custom vc_icon_element-size-xl vc_icon_element-style- vc_icon_element-background-color-grey" ><span class="vc_icon_element-icon fas fa-quote-left" style="color:#FFB931 !important"></span></div></div><div class="last-paragraph-no-margin"><p>Küresel rekabetin hızla arttığı, tekstil sektöründe firmaların üretmekte ve ihracat yapmakta zorlandığı bir dönemdeyiz. Sektörde üretim maliyetlerinin giderek artması, finansmana erişimin imkansızlığı ve kur politikaları nedeniyle önemli ölçüde sıkıntı yaşıyor. Buna bağlı olarak sektördeki birçok firma piyasadan çekilmek zorunda kalıyor.</p>
<p>Tekstil sektörü ülke ekonomisi için stratejik bir öneme sahip. İstihdama ve ihracata katkısı ise yadsınamaz. Bu nedenle sektörün ayakta kalabilmesi için mutlaka desteklenmesi gerekmektedir.</p>
<p>Öte yandan teknolojik gelişmelerin üretim süreçlerini dönüştürdüğü bu dönemde tekstil sektörü artık yalnızca üretmekle değil; fark yaratmakla, sürdürülebilir çözümlerle geleceğe yön vermekle sorumlu. Uludağ Tekstil İhracatçıları Birliği olarak biz de bu dönüşüme öncülük etmek için uzun yıllardır çaba gösteriyoruz. Bu vizyonla 2009 yılında ilkini hayata geçirdiğimiz Tekstil Ar-Ge Proje Pazarı’nı çağın gerekliliğine göre geliştirerek son yedi yıldır TechXtile Challenge Tasarım Yarışması olarak düzenliyoruz. Çok heyecanlıyız ve aynı zamanda bugünü yıllar öncesinden görerek önemli bir adım atmanın ve her yıl başarımızın üzerine koyarak bugünlere gelmenin gururunu yaşıyoruz.</p>
<p>Her geçen yıl daha fazla ilgi gören TechXtile Challenge, özgün fikirleri destekleyen, tasarımı teknolojiyle buluşturan ve ihracat vizyonunu inovasyonla güçlendiren kapsamlı bir modele dönüştü. Sadece bir yarışma olmanın ötesine geçen bu yapı; katılımcılara eğitim, mentorluk, yatırımcı buluşmaları ve sanayiyle doğrudan temas gibi birçok fırsat sunarak projelerin olgunlaşmasına imkân sağlıyor. Böylece sektöre uygulanabilir çözümler üretirken, katılımcıların da kendi potansiyellerini keşfetmelerine zemin hazırlıyor.</p>
<p>TechXtile Challenge, sürdürülebilirlik, dijitalleşme ve girişimcilik kavramlarını üretimin merkezine yerleştiren bir anlayışla ilerliyor. Üniversitelerden start-up’lara, sektör profesyonellerinden tasarımcılara uzanan geniş bir paydaş ağıyla, sadece bugünü değil, geleceği inşa etmeyi amaçlıyor. Her yıl artan başarı grafiğimiz, atılan adımların ne kadar yerinde olduğunu gösteriyor.</p>
<p>Bu yıl da yarışmamız kapsamında, tekstil sanayisinin gerçek ihtiyaçlarına dokunan, teknolojiyle katma değer üreten, ihracata yön verecek projeleri hep birlikte keşfetmeyi hedefliyoruz. Yedinci yılında daha da güçlenerek büyüyen TechXtile Challenge’a katkı sunan tüm paydaşlarımıza gönülden teşekkür ediyor, başvuran tüm adaylara vizyonlarını cesurca ortaya koyacakları verimli bir süreç diliyorum.</p>
</div><div class="vc_empty_space"   style="height: 32px"><span class="vc_empty_space_inner"></span></div>
	<div class="wpb_raw_code wpb_raw_html wpb_content_element" >
		<div class="wpb_wrapper">
			<p>
<span class="text-extra-dark-gray text-large d-block margin-30px-top alt-font font-weight-600">
                    Pınar TAŞDELEN ENGİN</span><br><span class="d-block">Chairwoman of the Board</span>
</p>
		</div>
	</div>
<div class="vc_empty_space"   style="height: 32px"><span class="vc_empty_space_inner"></span></div></div></div></div></section>
</div>

ULUDAĞ TEKSTİL İHRACATÇILARI BİRLİĞİ BAŞKANIN MESAJI Küresel rekabetin hızla arttığı, tekstil sektöründe firmaların üretmekte ve ihracat yapmakta zorlandığı bir dönemdeyiz. Sektörde üretim maliyetlerinin giderek artması, finansmana erişimin imkansızlığı ve kur politikaları nedeniyle önemli ölçüde sıkıntı yaşıyor. Buna bağlı olarak sektördeki birçok firma piyasadan çekilmek zorunda kalıyor. Tekstil sektörü ülke ekonomisi için stratejik bir öneme sahip. İstihdama ve ihracata katkısı ise yadsınamaz. Bu nedenle sektörün ayakta kalabilmesi için mutlaka desteklenmesi gerekmektedir. Öte yandan teknolojik gelişmelerin üretim süreçlerini dönüştürdüğü bu dönemde tekstil sektörü artık yalnızca üretmekle değil; fark yaratmakla, sürdürülebilir çözümlerle geleceğe yön vermekle sorumlu. Uludağ Tekstil İhracatçıları Birliği olarak biz de bu dönüşüme öncülük etmek için uzun yıllardır çaba gösteriyoruz. Bu vizyonla 2009 yılında ilkini hayata geçirdiğimiz Tekstil Ar-Ge Proje Pazarı’nı çağın gerekliliğine göre geliştirerek son yedi yıldır TechXtile Challenge Tasarım Yarışması olarak düzenliyoruz. Çok heyecanlıyız ve aynı zamanda bugünü yıllar öncesinden görerek önemli bir adım atmanın ve her yıl başarımızın üzerine koyarak bugünlere gelmenin gururunu yaşıyoruz. Her geçen yıl daha fazla ilgi gören TechXtile Challenge, özgün fikirleri destekleyen, tasarımı teknolojiyle buluşturan ve ihracat vizyonunu inovasyonla güçlendiren kapsamlı bir modele dönüştü. Sadece bir yarışma olmanın ötesine geçen bu yapı; katılımcılara eğitim, mentorluk, yatırımcı buluşmaları ve sanayiyle doğrudan temas gibi birçok fırsat...
